f 9537518 and 321342.
2186
Calculate the highest common factor of 371230 and 101.
1
What is the highest common factor of 7 and 9088905?
7
Calculate the greatest common divisor of 301572 and 333.
9
What is the greatest common divisor of 1207868 and 3973204?
1748
What is the greatest common divisor of 913343 and 5858?
101
What is the greatest common factor of 1050038 and 13693884?
8678
Calculate the greatest common divisor of 2824 and 1985.
1
Calculate the highest common factor of 5147868855 and 289.
289
Calculate the highest common factor of 2 and 9834982.
2
Calculate the highest common factor of 353052 and 97335.
189
What is the highest common factor of 82258558 and 406?
58
Calculate the highest common divisor of 3627 and 323609.
403
What is the highest common factor of 5178691 and 112?
7
What is the greatest common factor of 4270 and 609213710?
4270
Calculate the highest common factor of 3456049 and 532542.
391
Calculate the greatest common factor of 21797438 and 1378.
26
Calculate the highest common factor of 14 and 256081.
7
Calculate the highest common factor of 15086019 and 171.
57
What is the highest common divisor of 17108090 and 506?
46
Calculate the greatest common divisor of 9 and 160893639.
9
Calculate the greatest common factor of 3037425 and 400.
25
What is the highest common factor of 16365928 and 1191?
397
What is the highest common factor of 2306 and 613670414?
2306
What is the highest common factor of 4734271 and 1586?
61
Calculate the greatest common factor of 2889 and 341388.
27
Calculate the highest common divisor of 1250 and 24138000.
250
What is the highest common factor of 10465433 and 48901?
619
Calculate the greatest common divisor of 6556 and 3866848.
596
Calculate the greatest common factor of 12 and 578769.
3
What is the highest common divisor of 5539430 and 390?
130
Calculate the highest common divisor of 10543192 and 33.
11
What is the greatest common divisor of 99268612 and 146?
146
What is the greatest common divisor of 34 and 78366?
2
What is the highest common factor of 60 and 142178540?
20
What is the greatest common factor of 688 and 9471008?
688
What is the highest common divisor of 21516 and 507256?
652
What is the greatest common factor of 7195176 and 324?
108
What is the greatest common divisor of 4774731 and 3588?
897
Calculate the highest common divisor of 411792 and 302496.
1104
Calculate the highest common divisor of 230 and 311810080.
230
Calculate the greatest common factor of 8253 and 363489.
21
Calculate the greatest common divisor of 705 and 951870.
15
What is the greatest common factor of 644119 and 38?
19
Calculate the highest common divisor of 1016 and 17336389.
127
Calculate the greatest common factor of 44244289 and 820.
41
Calculate the greatest common factor of 1894661184 and 1668.
1668
What is the greatest common divisor of 5280 and 19315120?
880
Calculate the greatest common factor of 940850364 and 232.
116
What is the highest common factor of 17331665 and 715?
65
Calculate the greatest common divisor of 408630 and 48420.
30
What is the greatest common factor of 313038 and 51752250?
10098
What is the greatest common factor of 66325 and 11375?
175
What is the greatest common divisor of 1207895 and 1573?
13
Calculate the greatest common factor of 25206086 and 19660.
1966
Calculate the highest common factor of 277 and 6656.
1
Calculate the greatest common divisor of 15334 and 13758206.
902
Calculate the highest common factor of 25 and 1470255075.
25
Calculate the highest common factor of 39 and 76570520.
13
Calculate the highest common factor of 1200 and 43043100.
300
Calculate the highest common factor of 73147644 and 19.
19
Calculate the highest common factor of 699 and 265449.
3
What is the greatest common factor of 247269672 and 3744?
936
Calculate the highest common factor of 155 and 18508798.
31
Calculate the greatest common factor of 46176 and 26364.
156
What is the highest common factor of 35 and 774655?
35
What is the highest common factor of 578 and 413984?
34
What is the greatest common factor of 15336 and 5094534?
426
What is the highest common divisor of 7260034 and 9976?
2494
Calculate the greatest common divisor of 98 and 2139844.
14
Calculate the greatest common factor of 68575089 and 55.
11
Calculate the greatest common divisor of 77519 and 279994.
1157
What is the greatest common factor of 12211508 and 5508?
68
What is the greatest common divisor of 829629 and 15?
3
Calculate the greatest common divisor of 62058269 and 5523.
1841
What is the greatest common factor of 7200 and 518950?
50
What is the highest common divisor of 2 and 5463274?
2
What is the highest common divisor of 178760113 and 19?
19
What is the greatest common factor of 272 and 6858344?
136
What is the highest common factor of 3445 and 218140?
65
What is the greatest common factor of 4427 and 25359953?
233
What is the highest common factor of 5920831 and 35?
7
What is the highest common factor of 2568055 and 295?
5
What is the greatest common divisor of 288904 and 3836?
28
What is the highest common factor of 1 and 36042009?
1
Calculate the greatest common factor of 680562 and 144.
18
Calculate the highest common divisor of 100710 and 210745.
1865
What is the greatest common factor of 1320 and 17190855?
165
What is the highest common divisor of 23287424 and 11008?
5504
What is the highest common divisor of 1017919 and 203?
7
Calculate the greatest common divisor of 71995 and 141865.
85
What is the greatest common divisor of 345 and 14980590?
345
Calculate the highest common factor of 9556 and 98.
2
What is the highest common factor of 68224 and 909831?
533
Calculate the highest common divisor of 11270 and 11260.
10
Calculate the greatest common divisor of 503776 and 1683136.
2912
What is the highest common divisor of 2040619 and 1340?
67
Calculate the greatest common divisor of 202498615 and 165.
55
What is the greatest common factor of 819 and 3601026?
117
Calculate the greatest common factor of 2159982 and 594.
198
Calculate the greatest common factor of 47270696 and 638.
638
What is the greatest common factor of 5275 and 671191?
211
Calculate the greatest common divisor of 757944 and 78012.
396
What is the greatest common factor of 1503769 and 119?
17
What is the greatest common factor of 2815722 and 234?
234
Calculate the highest common factor of 489 and 7433941.
163
Calculate the greatest common divisor of 133920302 and 30079.
4297
What is the greatest common factor of 144216 and 918?
18
Calculate the greatest common factor of 1504939 and 11104.
347
Calculate the highest common factor of 12350325 and 17755.
265
Calculate the highest common factor of 49666300 and 2120.
1060
What is the greatest common factor of 22620 and 4508050?
290
What is the greatest common factor of 33321 and 3741?
87
What is the greatest common divisor of 459718 and 658?
14
Calculate the highest common divisor of 39 and 688719.
3
What is the greatest common factor of 133789448 and 404?
404
Calculate the greatest common factor of 42 and 62285853.
21
What is the greatest common factor of 980 and 622000?
20
What is the greatest common divisor of 13888 and 10515820?
868
What is the greatest common divisor of 11428 and 60428?
4
Calculate the greatest common divisor of 34957250 and 3350.
3350
Calculate the greatest common factor of 1887 and 380531791.
629
Calculate the highest common factor of 9677356 and 4238.
26
What is the greatest common factor of 7888 and 27098238?
986
Calculate the highest common factor of 19475170 and 182.
26
Calculate the greatest common factor of 99426 and 1752.
438
Calculate the highest common factor of 1836768 and 54112.
608
What is the greatest common divisor of 1084130 and 1280?
10
What is the greatest common factor of 2540376 and 176472?
4104
What is the highest common factor of 23421328 and 696?
232
Calculate the greatest common divisor of 733467 and 2410758.
1113
Calculate the highest common factor of 398 and 35207279.
199
Calculate the highest common divisor of 409658 and 1295922.
1594
Calculate the greatest common divisor of 15735742 and 351206.
8566
Calculate the greatest common factor of 172288 and 4906170.
1346
What is the greatest common factor of 5134829 and 4543?
413
Calculate the highest c